multiple of 122?
False
Is 129148 a multiple of 2?
True
Is 425 a factor of 857225?
True
Is 329799 a multiple of 82?
False
Is 107 a factor of 27285?
True
Does 48 divide 23477471?
False
Is 1530522 a multiple of 27?
True
Is 29 a factor of 3890901?
True
Does 117 divide 5373358?
False
Is 2397 a factor of 4233977?
False
Does 6 divide 1224626?
False
Does 18 divide 5069340?
True
Is 64 a factor of 11010?
False
Does 14 divide 45419?
False
Is 673466 a multiple of 86?
True
Is 380302 a multiple of 20?
False
Does 40 divide 636600?
True
Is 402151 a multiple of 21?
False
Is 1043 a factor of 2065140?
True
Does 36 divide 49858?
False
Is 54288 a multiple of 72?
True
Is 9 a factor of 13718271?
False
Is 232 a factor of 1467607?
False
Is 53 a factor of 275139?
False
Is 3143777 a multiple of 68?
False
Is 82368 a multiple of 44?
True
Does 444 divide 1737163?
False
Does 10 divide 383500?
True
Does 47 divide 1726281?
False
Is 340463 a multiple of 49?
False
Is 1467810 a multiple of 24?
False
Does 17 divide 11644541?
True
Is 362 a factor of 237110?
True
Is 1282 a factor of 311058?
False
Does 2160 divide 8009280?
True
Is 593663 a multiple of 1850?
False
Is 74 a factor of 181363?
False
Does 28 divide 2338890?
False
Is 97022 a multiple of 13?
False
Is 326834 a multiple of 80?
False
Is 178 a factor of 1203102?
True
Does 379 divide 282734?
True
Is 24 a factor of 479691?
False
Is 234 a factor of 2863672?
False
Is 303351 a multiple of 16?
False
Is 3598224 a multiple of 42?
True
Does 55 divide 1034363?
False
Does 12 divide 3959773?
False
Is 10531774 a multiple of 388?
False
Is 22 a factor of 146820?
False
Is 1096823 a multiple of 13?
True
Is 15 a factor of 379155?
True
Is 125 a factor of 27566?
False
Is 475 a factor of 424650?
True
Is 2 a factor of 307722?
True
Is 245 a factor of 2989735?
True
Is 165 a factor of 149655?
True
Is 32 a factor of 6243185?
False
Is 18 a factor of 14988816?
True
Is 22 a factor of 342567?
False
Is 75 a factor of 397934?
False
Does 87 divide 32277?
True
Does 9 divide 33405512?
False
Is 853362 a multiple of 5?
False
Is 115 a factor of 25414624?
False
Is 404 a factor of 29486328?
False
Is 1931601 a multiple of 1559?
True
Does 353 divide 478315?
True
Is 13505026 a multiple of 31?
True
Is 46 a factor of 61824?
True
Is 36 a factor of 5040?
True
Is 5 a factor of 35830?
True
Is 32 a factor of 31808?
True
Is 11 a factor of 1355179?
False
Is 9 a factor of 2663478?
True
Is 261 a factor of 534497?
False
Does 12 divide 163197?
False
Is 32 a factor of 243214?
False
Is 729298 a multiple of 58?
False
Is 1080700 a multiple of 107?
True
Is 28592 a multiple of 3?
False
Does 1505 divide 20942304?
False
Is 476910 a multiple of 105?
True
Is 46354 a multiple of 81?
False
Is 30 a factor of 270690?
True
Is 84176 a multiple of 40?
False
Does 1137 divide 3236018?
False
Does 49 divide 429591?
False
Is 164010 a multiple of 7?
True
Is 5 a factor of 3071848?
False
Is 1055824 a multiple of 61?
False
Is 138 a factor of 543501?
False
Is 28 a factor of 152031?
False
Is 137 a factor of 1530975?
True
Is 5712 a multiple of 84?
True
Does 54 divide 578448?
True
Is 427690 a multiple of 95?
True
Does 357 divide 2350488?
True
Does 67 divide 41741?
True
Is 3845468 a multiple of 25?
False
Is 153955 a multiple of 23?
False
Is 208080 a multiple of 36?
True
Is 892736 a multiple of 58?
True
Is 104 a factor of 3596361?
False
Does 21 divide 11298?
True
Is 137592 a multiple of 104?
True
Is 17944 a multiple of 150?
False
Does 86 divide 2025194?
False
Does 13 divide 3618816?
False
Is 446473 a multiple of 19?
False
Does 7 divide 247?
False
Is 193 a factor of 3790332?
False
Does 47 divide 17860?
True
Is 1800837 a multiple of 12?
False
Does 2 divide 143153?
False
Does 48 divide 2853360?
True
Does 63 divide 780759?
True
Is 5 a factor of 325988?
False
Does 11 divide 258863?
True
Is 11519147 a multiple of 43?
False
Is 160080 a multiple of 184?
True
Does 645 divide 240585?
True
Is 22 a factor of 1843006?
True
Does 126 divide 276696?
True
Does 19 divide 5110116?
False
Does 24 divide 3255168?
True
Is 81108 a multiple of 155?
False
Is 40 a factor of 36176320?
True
Does 368 divide 11134944?
True
Does 299 divide 1571147?
False
Does 1080 divide 516908?
False
Does 52 divide 124326?
False
Does 548 divide 6911359?
False
Is 12 a factor of 111429?
False
Is 2986416 a multiple of 432?
True
Does 3 divide 47803?
False
Is 673 a factor of 560616?
False
Is 144 a factor of 693360?
True
Does 266 divide 406388?
False
Is 11 a factor of 22051?
False
Is 112475 a multiple of 25?
True
Does 24 divide 4312271?
False
Does 33 divide 41778?
True
Does 15 divide 304980?
True
Does 27 divide 299816?
False
Is 346 a factor of 56614?
False
Is 85237 a multiple of 4?
False
Does 6 divide 10626?
True
Is 679260 a multiple of 15?
True
Does 7 divide 2484523?
False
Does 37 divide 693047?
True
Is 467302 a multiple of 24?
False
Is 3948539 a multiple of 296?
False
Is 71 a factor of 77177?
True
Is 6789 a multiple of 306?
False
Is 8 a factor of 13334232?
True
Is 67472 a multiple of 8?
True
Is 965859 a multiple of 93?
False
Does 4 divide 609233?
False
Is 979 a factor of 1016202?
True
Does 308 divide 117812?
False
Is 180 a factor of 3564243?
False
Is 70875 a multiple of 175?
True
Does 265 divide 4184085?
True
Does 33 divide 1760517?
True
Does 20 divide 362814?
False
Does 1585 divide 5539575?
True
Is 2 a factor of 293208?
True
Is 618 a factor of 1411189?
False
Is 71750 a multiple of 7?
True
Does 10 divide 3846282?
False
Is 234822 a multiple of 22?
False
Is 78 a factor of 485316?
True
Does 413 divide 193697?
True
Is 13 a factor of 8359?
True
Is 30 a factor of 41370?
True
Is 180 a factor of 13718501?
False
Is 4 a factor of 2665032?
True
Does 204 divide 1991040?
True
Does 7 divide 1180910?
False
Is 214 a factor of 10689942?
True
Does 7 divide 244836?
False
Is 2110932 a multiple of 614?
True
Does 416 divide 2034174?
False
Is 296711 a multiple of 221?
False
Is 9310 a multiple of 11?
False
Does 249 divide 213393?
True
Is 59 a factor of 92645?
False
Does 4 divide 132381?
False
Is 13 a factor of 308176?
False
Is 27 a factor of 27065485?
False
Does 1726 divide 11404147?
False
Is 634 a factor of 12577926?
True
Does 123 divide 105202?
False
Is 244455 a multiple of 379?
True
Is 35730 a multiple of 14?
False
Is 1009038 a multiple of 31?
False
Is 6 a factor of 4442142?
True
Does 428 divide 11105046?
False
Is 3 a factor of 25438?
False
Is 16 a factor of 505749?
False
Is 353400 a multiple of 20?
True
Does 401 divide 8020000?
True
Is 53 a factor of 5221961?
False
Is 65 a factor of 322400?
True
Does 12 divide 770088?
True
Is 168232 a multiple of 420?
False
Is 1364 a factor of 3711444?
True
Does 4 divide 372430?
False
Is 3992464 a multiple of 146?
False
Is 1140600 a multiple of 75?
True
Is 5172675 a multiple of 425?
True
Does 134 divide 1954208?
False
Does 14 divide 50834?
True
Is 254 a factor of 40763?
False
Is 13573107 a multiple of 21?
False
Is 210310 a multiple of 15?
False
Is 3943792 a multiple of 38?
True
Does 127 divide 1087501?
True
Is 258129 a multiple of 67?
False
Is 603536 a multiple of 563?
True
Is 141408 a multiple of 8?
True
Is 45 a factor of 163980?
True
Is 5489 a multiple of 10?
False
Does 35 divide 433580?
True
Does 27 divide 2246985?
False
Is 70998 a multiple of 10?
False
Is 122694 a multiple of 121?
True
Is 781814 a multiple of 590?
False
Is 236 a factor of 15147901?
False
Is 9 a factor of 178038?
True
Is 2280177 a multiple of 237?
True
Is 42168 a multiple of 56?
True
Is 134570 a multiple of 9?
False
Does 521 divide 11720416?
True
Does 12 divide 423324?
True
Is 10 a factor of 625429?
False
Does 101 divide 147509?
False
Is 992466 a multiple of 426?
False
Does 3 divide 17376?
True
Is 52 a factor of 1638468?
True
Is 127 a factor of 6140496?
False
Does 24 divide 2254668?
False
Does 22 divide 1366415?
False
Is 108444 a multiple of 28?
True
Is 69 a factor of 857118?
True
Is 98 a factor of 359723?
False
Is 802 a factor of 20582900?
False
Is 6753871 a multiple of 139?
True
Is 390 a factor of 565727?
False
Is 691 a factor of 2415045?
True
Is 96432 a multiple of 14?
True
Is 35 a factor of 507069?
False
Does 13 divide 6354275?
False
Is 156778 a multiple of 660?
False
Is 76461 a multiple of 231?
True
Does 1095 divide 1326193?
False
Is 22 a factor of 252252?
True
Does 60 di